9?
4
What is the units digit of 1115361?
1
What is the tens digit of 1000271?
7
What is the hundreds digit of 514674?
6
What is the ten thousands digit of 476698?
7
What is the tens digit of 2448?
4
What is the hundreds digit of 102829?
8
What is the tens digit of 2945634?
3
What is the tens digit of 3330256?
5
What is the tens digit of 123970?
7
What is the millions digit of 1873169?
1
What is the hundred thousands digit of 21911513?
9
What is the hundreds digit of 359605?
6
What is the tens digit of 851760?
6
What is the hundreds digit of 123085?
0
What is the tens digit of 476714?
1
What is the ten thousands digit of 424012?
2
What is the units digit of 9820546?
6
What is the ten thousands digit of 31197510?
9
What is the ten thousands digit of 128543?
2
What is the thousands digit of 631562?
1
What is the hundreds digit of 87818?
8
What is the tens digit of 3687338?
3
What is the millions digit of 9017294?
9
What is the ten thousands digit of 2408260?
0
What is the units digit of 22811840?
0
What is the tens digit of 596160?
6
What is the hundred thousands digit of 303143?
3
What is the hundreds digit of 538488?
4
What is the thousands digit of 320494?
0
What is the hundreds digit of 3658001?
0
What is the thousands digit of 703712?
3
What is the units digit of 942881?
1
What is the thousands digit of 1207188?
7
What is the tens digit of 500684?
8
What is the units digit of 15304?
4
What is the units digit of 312220?
0
What is the hundreds digit of 29028973?
9
What is the hundreds digit of 995657?
6
What is the tens digit of 3462364?
6
What is the units digit of 104480?
0
What is the thousands digit of 3793998?
3
What is the hundred thousands digit of 7678841?
6
What is the hundred thousands digit of 2660861?
6
What is the tens digit of 123719?
1
What is the tens digit of 35750131?
3
What is the hundred thousands digit of 3711669?
7
What is the hundred thousands digit of 4064436?
0
What is the thousands digit of 11141132?
1
What is the hundreds digit of 279807?
8
What is the millions digit of 3724129?
3
What is the tens digit of 1731013?
1
What is the thousands digit of 1448495?
8
What is the units digit of 7606318?
8
What is the units digit of 140283?
3
What is the ten thousands digit of 9015044?
1
What is the ten thousands digit of 14163096?
6
What is the hundreds digit of 232990?
9
What is the units digit of 1895798?
8
What is the thousands digit of 274212?
4
What is the hundreds digit of 181396?
3
What is the thousands digit of 70665?
0
What is the millions digit of 25974969?
5
What is the hundred thousands digit of 2684077?
6
What is the hundred thousands digit of 190022?
1
What is the hundreds digit of 83849?
8
What is the millions digit of 10156597?
0
What is the hundreds digit of 338572?
5
What is the hundreds digit of 132382?
3
What is the millions digit of 1106112?
1
What is the tens digit of 354554?
5
What is the units digit of 206772?
2
What is the millions digit of 17247719?
7
What is the hundreds digit of 145955?
9
What is the thousands digit of 24731322?
1
What is the hundreds digit of 3952911?
9
What is the millions digit of 2662488?
2
What is the tens digit of 227484?
8
What is the hundred thousands digit of 6022036?
0
What is the ten thousands digit of 182240?
8
What is the tens digit of 245760?
6
What is the thousands digit of 2683054?
3
What is the hundreds digit of 4146986?
9
What is the units digit of 5876?
6
What is the thousands digit of 249838?
9
What is the hundred thousands digit of 351184?
3
What is the thousands digit of 3142396?
2
What is the hundred thousands digit of 23270794?
2
What is the hundred thousands digit of 312420?
3
What is the tens digit of 170920?
2
What is the units digit of 3415632?
2
What is the tens digit of 331528?
2
What is the hundred thousands digit of 1078807?
0
What is the hundreds digit of 655250?
2
What is the tens digit of 11075356?
5
What is the thousands digit of 1022418?
2
What is the hundred thousands digit of 139955?
1
What is the hundreds digit of 529739?
7
What is the units digit of 3251268?
8
What is the hundreds digit of 6294651?
6
What is the thousands digit of 854999?
4
What is the units digit of 111883?
3
What is the hundreds digit of 9124387?
3
What is the hundreds digit of 909327?
3
What is the ten thousands digit of 180443?
8
What is the tens digit of 927027?
2
What is the units digit of 2357083?
3
What is the millions digit of 29599930?
9
What is the hundred thousands digit of 192847?
1
What is the millions digit of 3324917?
3
What is the thousands digit of 707219?
7
What is the tens digit of 388030?
3
What is the thousands digit of 5672602?
2
What is the units digit of 1423851?
1
What is the hundreds digit of 2226680?
6
What is the hundred thousands digit of 705746?
7
What is the ten thousands digit of 71260?
7
What is the thousands digit of 3415973?
5
What is the ten thousands digit of 324708?
2
What is the hundred thousands digit of 11530073?
5
What is the hundreds digit of 682309?
3
What is the units digit of 72149?
9
What is the millions digit of 11751677?
1
What is the hundreds digit of 904880?
8
What is the thousands digit of 8612277?
2
What is the hundreds digit of 641174?
1
What is the tens digit of 239767?
6
What is the thousands digit of 14196430?
6
What is the units digit of 141764?
4
What is the hundreds digit of 3040142?
1
What is the thousands digit of 13429415?
9
What is the hundreds digit of 327354?
3
What is the hundred thousands digit of 3627410?
6
What is the hundreds digit of 704407?
4
What is the hundred thousands digit of 5136306?
1
What is the millions digit of 6615678?
6
What is the tens digit of 538356?
5
What is the units digit of 1021305?
5
What is the tens digit of 16363105?
0
What is the hundred thousands digit of 1102120?
1
What is the units digit of 6781833?
3
What is the units digit of 38129?
9
What is the units digit of 14600795?
5
What is the hundreds digit of 886792?
7
What is the ten thousands digit of 94819?
9
What is the ten thousands digit of 10456932?
5
What is the hundreds digit of 184784?
7
What is the tens digit of 3093642?
4
What is the tens digit of 2712786?
8
What is the ten thousands digit of 222963?
2
What is the units digit of 8153299?
9
What is the hundreds digit of 386482?
4
What is the thousands digit of 6544948?
4
What is the tens digit of 2052150?
5
What is the tens digit of 842693?
9
What is the tens digit of 493443?
4
What is the tens digit of 40825?
2
What is the tens digit of 3653427?
2
What is the ten thousands digit of 8146148?
4
What is the hundreds digit of 3026539?
5
What is the hundred thousands digit of 317323?
3
What is the tens digit of 182483?
8
What is the ten thousands digit of 3455671?
5
What is the hundred thousands digit of 279952?
2
What is the units digit of 3510439?
9
What is the tens digit of 418432?
3
What is the units digit of 56580?
0
What is the ten thousands digit of 71089?
7
What is the ten thousands digit of 3559369?
5
What is the units digit of 368626?
6
What is the tens digit of 729052?
5
What is the hundred thousands digit of 1862546?
8
What is the ten thousands digit of 708021?
0
What is the millions digit of 6580356?
6
What is the thousands digit of 445598?
5
What is the thousands digit of 256285?
6
What is the millions digit of 5066672?
5
What is the millions digit of 2995133?
2
What is the hundred thousands digit of 1196863?
1
What is the hundred thousands digit of 197602?
1
What is the ten thousands digit of 716672?
1
What is the tens digit of 1654637?
3
What is the thousands digit of 5935751?
5
What is the hundred thousands digit of 648275?
6
What is the units digit of 2109385?
5
What is the hundred thousands digit of 876282?
8
What is the hundreds digit of 106040?
0
What is the thousands digit of 3183558?
3
What is the tens digit of 3770823?
2
What is the units digit of 1473497?
7
What is the thousands digit of 1021201?
1
What is the thousands digit of 1691257?
1
What is the tens digit of 256599?
9
What is the units digit of 8988664?
4
What is the millions digit of 14603525?
4
What is the ten thousands digit of 9147387?
4
What is the millions digit of 14415087?
4
What is the millions digit of 1950005?
1
What is the thousands digit of 1082185?
2
What is the units digit 